{"id":780,"date":"2026-02-15T21:11:45","date_gmt":"2026-02-15T20:11:45","guid":{"rendered":"https:\/\/topbarber.al\/?post_type=product&#038;p=780"},"modified":"2026-02-15T21:26:57","modified_gmt":"2026-02-15T20:26:57","slug":"paketa-profesionale","status":"publish","type":"product","link":"https:\/\/topbarber.al\/?product=paketa-profesionale","title":{"rendered":"Paketa Profesionale"},"content":{"rendered":"<p>Gjith\u00e7ka nga oferta e par\u00eb<br \/>\nAplikacion p\u00ebr klient\u00eb dhe berber\u00eb<br \/>\n4 Promo Push Muaj \u2013 Falas<br \/>\nPagesa online &#038; n\u00eb dyqan<br \/>\n1 email marketing profesional<br \/>\nProgram besnik\u00ebrie<br \/>\nPerson kontakt p\u00ebr mb\u00ebshtetje dhe keshilla<br \/>\n+20 \u20ac \/ muaj p\u00ebr \u00e7do berber stese<\/p>\n","protected":false},"excerpt":{"rendered":"<p>P\u00ebr 2 p\u00ebrdorues<\/p>\n","protected":false},"featured_media":0,"comment_status":"open","ping_status":"closed","template":"","meta":{"om_disable_all_campaigns":false,"_monsterinsights_skip_tracking":false,"_monsterinsights_sitenote_active":false,"_monsterinsights_sitenote_note":"","_monsterinsights_sitenote_category":0},"product_brand":[78],"product_cat":[77],"product_tag":[79],"class_list":{"0":"post-780","1":"product","2":"type-product","3":"status-publish","5":"product_brand-topbarber-al","6":"product_cat-abonim-mujor","7":"product_tag-abonim-mujor","9":"first","10":"instock","11":"sale","12":"taxable","13":"shipping-taxable","14":"purchasable","15":"product-type-simple"},"aioseo_notices":[],"_links":{"self":[{"href":"https:\/\/topbarber.al\/index.php?rest_route=\/wp\/v2\/product\/780","targetHints":{"allow":["GET"]}}],"collection":[{"href":"https:\/\/topbarber.al\/index.php?rest_route=\/wp\/v2\/product"}],"about":[{"href":"https:\/\/topbarber.al\/index.php?rest_route=\/wp\/v2\/types\/product"}],"replies":[{"embeddable":true,"href":"https:\/\/topbarber.al\/index.php?rest_route=%2Fwp%2Fv2%2Fcomments&post=780"}],"wp:attachment":[{"href":"https:\/\/topbarber.al\/index.php?rest_route=%2Fwp%2Fv2%2Fmedia&parent=780"}],"wp:term":[{"taxonomy":"product_brand","embeddable":true,"href":"https:\/\/topbarber.al\/index.php?rest_route=%2Fwp%2Fv2%2Fproduct_brand&post=780"},{"taxonomy":"product_cat","embeddable":true,"href":"https:\/\/topbarber.al\/index.php?rest_route=%2Fwp%2Fv2%2Fproduct_cat&post=780"},{"taxonomy":"product_tag","embeddable":true,"href":"https:\/\/topbarber.al\/index.php?rest_route=%2Fwp%2Fv2%2Fproduct_tag&post=780"}],"curies":[{"name":"wp","href":"https:\/\/api.w.org\/{rel}","templated":true}]}}